39)*4.
2
Suppose -9 = 3*k, -2*u - 150*k + 145*k + 3143 = 0. Calculate the remainder when u is divided by 132.
127
Suppose -12*t - 7*t = 19. Let w be 2/(-10) - (-238)/(-10). What is the remainder when (6/8)/(t/w) is divided by 13?
5
Let n(s) = s**3 - 2*s**2 + 84*s - 514. Calculate the remainder when 2531 is divided by n(6).
119
Let y(g) be the first derivative of -3*g**4/4 - 11*g**3/3 - 2*g**2 + 5*g - 21. What is the remainder when y(-4) is divided by 10?
7
Let b be -8*(-4 - 162/(-12)). Let h = -58 - b. Let t(w) = -25*w + 2. What is the remainder when t(-2) is divided by h?
16
Suppose -27 = -3*c - 3*n, -3 = n + 2. Let h = 22723 - 22557. Calculate the remainder when h is divided by c.
12
Suppose -4*r - 4*h = -368, -h - 111 - 361 = -5*r. What is the remainder when 4415 is divided by r?
91
Suppose 3*r - 690 = -2*r. Calculate the remainder when r is divided by 130/(-52)*((-315)/300)/((-6)/(-32)).
12
Let d = 109059 + -108856. Suppose i = 1 + 51. Calculate the remainder when d is divided by i.
47
Let k = -16520 + 17936. Calculate the remainder when 2853 is divided by k.
21
Suppose q + 2*i - 47 = 0, -4*q + 249*i + 199 = 246*i. What is the remainder when 453 is divided by q?
12
Suppose -3*p + 47 = -n, 5*p - 77 = -8*n + 9*n. Suppose -37*x + 1334 = -220. Calculate the remainder when x is divided by p.
12
Calculate the remainder when (-31)/(13 + 444/(-34)) is divided by 181.
165
Let w(t) = -85*t - 14. Suppose -9 = 3*u + x, 3*u = -5*x + 7*x - 9. What is the remainder when w(u) is divided by 35?
31
Let z be 3*19 - (4/4 + -2). Let a = z - 56. Suppose o + 2*o - 2*p = 34, 3*p - 27 = -a*o. Calculate the remainder when 81 is divided by o.
9
Let a(n) = 11*n**2 - 3*n - 1. Let s be a(2). Suppose -3*w - 782 = -s*w. What is the remainder when w is divided by (5/4)/(2/8)?
3
Let z(x) = 22*x**3 + 2*x**2 - 1. Let n(k) = -751*k - 15736. What is the remainder when n(-21) is divided by z(1)?
12
Suppose -3292 + 2471 = -429*n + 6043. Let m(y) = 2*y**3 - 4*y**2 - 7*y + 6. What is the remainder when m(4) is divided by n?
10
Let g = 212 - 45. Let b = 184 - g. What is the remainder when 78 is divided by b?
10
Suppose -3168 = 57*f + 85*f - 186*f. What is the remainder when 5543 is divided by f?
71
Suppose -30*s - 983 + 3893 = 0. Calculate the remainder when s is divided by 6/(27/(-10) - -3).
17
Let h = -11661 + 11678. Calculate the remainder when h is divided by 13.
4
Let x = 229 + -204. Suppose x = 3*w - 17. Calculate the remainder when 221 is divided by w.
11
Suppose 0 = 16*i - 53976 + 14738 - 37418. What is the remainder when i is divided by 34?
31
Suppose 6*c - 34 - 122 = 0. Suppose 29*v + 30 = c*v. Let p = 13 - v. What is the remainder when p is divided by 12?
11
Let i be ((-92)/(-16) - 3)*4. Suppose i = -r + 13. Calculate the remainder when 9 is divided by r.
1
Let q = -4323 + 4444. Calculate the remainder when q is divided by 42.
37
Suppose 2*w + w - 1034 = 5*q, -q - 5*w - 190 = 0. Let a = -192 - q. Calculate the remainder when 47 is divided by a.
8
Let m(a) = a**3 + 22*a**2 - 23*a + 33. What is the remainder when 115 is divided by m(-23)?
16
Let i(z) = -2*z**2 + 121*z - 866. Calculate the remainder when 1928 is divided by i(43).
11
Let f = -126 + 136. Suppose 158 + f = 14*i. What is the remainder when 76 is divided by i?
4
Suppose -24 = -19*u + 413. What is the remainder when 848 is divided by u?
20
Let m = -936 - -940. Let s = 34 - 23. Calculate the remainder when s is divided by m.
3
Let b = -181 - -185. Suppose 5*y + 3*a = -2*a + 125, 2*y + b*a - 44 = 0. What is the remainder when 137 is divided by y?
25
Let u be 40 + (-8 - (-6 - -2)). Suppose 4*k - u + 8 = 0. Suppose -4*o + 0*l + 82 = -2*l, o = -l + 25. What is the remainder when o is divided by k?
1
Let o be -1 - -9 - (-32)/(-8). Suppose 104 = o*u + 4*j, -4*u + j + 83 = -2*j. What is the remainder when 65 is divided by u?
19
Let s(j) = 4*j + 23. Let b be s(-4). Suppose -23 = -2*a - b. Calculate the remainder when (-1900)/(-36) + a/36 is divided by 14.
11
Let t = -9706 + 10872. Calculate the remainder when t is divided by 8.
6
Let s = -3216 + 3755. Calculate the remainder when s is divided by 35.
14
Let l(z) = -z**2 - 110*z - 2041. What is the remainder when l(-61) is divided by 64?
52
Let v(h) = 10*h + 3. What is the remainder when 396/264*(-2)/3 - -113 is divided by v(3)?
13
Let z(x) = 2*x**2 + 2. Let v = -4 + 7. What is the remainder when z(v) is divided by 2 - ((-72)/162 - 69/27)?
0
Let j(b) = 2*b**3 - 18*b**2 + 13*b - 11. Let k(p) = -4*p - 14. Let a be k(-4). What is the remainder when j(9) is divided by ((-3)/(15/a))/(2/(-180))?
34
Suppose -12*i + 85936 = -15*i + 85*i. Calculate the remainder when i is divided by 521.
6
Let f be (-16)/6*4218/(-152). Let r = f + -28. Calculate the remainder when 172 is divided by r.
34
Let g = -8355 - -11197. Calculate the remainder when g is divided by 9.
7
Suppose 0 = -2*d - 5*x + 4*x - 17, d + 19 = -4*x. What is the remainder when 119 is divided by (30/d)/((130/(-105))/13)?
29
Let o(c) = c**3 + 6*c**2 - 4*c + 7. Let x(j) = -23*j**3 + j**2 - j + 1. Let a be x(1). Let v = 6 - a. What is the remainder when o(-5) is divided by v?
24
Suppose 3*h - 46 = h. Suppose 434*s - 44277 = 104*s - 7317. Calculate the remainder when s is divided by h.
20
Suppose -16*x + 9015 = -20569. What is the remainder when 1870 is divided by x?
21
Let h = -34 - -10. Let u = -20 - h. Let k(x) = -x**3 + 7*x**2 + 9*x - 4. Calculate the remainder when k(8) is divided by u.
0
Suppose t - 13 - 20 = 0. Suppose -c + 0*c = -3*x + 8, -2*c - 1 = -x. Suppose 19 = x*k + s, -5*k = s + 2*s - t. What is the remainder when 11 is divided by k?
5
Let m(k) = 39*k - 1811. What is the remainder when 436 is divided by m(50)?
19
Let n = -41 - -48. Suppose -5*p = -n*p - 6. What is the remainder when (-47)/p*(7 - 2 - 2) is divided by 28?
19
Suppose 261*q - 263*q = -102. Calculate the remainder when q is divided by 7.
2
Let x(w) = -224 - 219 + 445 + 28*w**2 - 12*w. What is the remainder when 72 is divided by x(-1)?
30
Let n(u) = -39*u - 74. Let x be n(-2). Suppose -x = 2*a, -a = -5*y - 6*a + 90. Calculate the remainder when 110/2 - (2 + -2) is divided by y.
15
What is the remainder when 12634 is divided by (-1*19/6)/(175/(-42) + 4)?
18
Suppose 21*q + 1193 = -508. Let b be (12/(-4))/((-3)/(-178)). Let z = q - b. What is the remainder when z is divided by 25?
22
Suppose -15*k - n = -11*k - 16952, 3*k + 4*n = 12701. What is the remainder when k is divided by 6?
3
Let d = 13358 + -8932. Calculate the remainder when d is divided by 123.
121
Let o be (-2)/4 + 50/4. Let x be (-12)/16 - 2800/(-320). What is the remainder when 104 is divided by (x/o)/((-6)/(-189))?
20
Let r(x) be the first derivative of -3*x**4/4 - x**2/2 + 6*x + 16. Let b be r(-6). Calculate the remainder when 61 is divided by (-4)/10 - (b/(-25) - -5).
19
Let u = -130 + 150. Suppose -48 = -26*b + u*b. Suppose -9 = -b*d + 311. Calculate the remainder when 198 is divided by d.
38
Let v(a) = a. Let t(d) = -6*d + 8. Let f(w) = -t(w) - 3*v(w). Let r(p) = -19*p - 67. Calculate the remainder when r(-6) is divided by f(6).
7
Suppose 734 = 24*v - 754. Calculate the remainder when v is divided by 4.
2
Suppose -64*k + 290 = -66*k. Let n = k - -76. What is the remainder when (-2*n/(-12))/((-5)/10) is divided by 5?
3
What is the remainder when 1223 - (5 + -1 + 3) is divided by 327?
235
Let o = -1053 + 1530. Let a = o + -453. Calculate the remainder when 70 is divided by a.
22
Let w(o) = o**3 - 2*o**2 - 9*o - 18. Let n be w(5). Suppose -n*j + 6*j + 204 = 0. Calculate the remainder when 89 is divided by j.
21
Let x = 2134 - 2105. What is the remainder when 224 is divided by x?
21
Suppose w + w = 46. Suppose -s = x + 4*s - 235, 5*s = -5*x + 1255. Suppose 0 = -2*m + x + 65. What is the remainder when m is divided by w?
22
Calculate the remainder when 1747 is divided by (730/10)/((-15)/(-15)).
68
Let d = 31 + -31. Suppose -g + 114 - 22 = d. Calculate the remainder when g is divided by 49.
43
Suppose -11*a + 600 = 4*a. Suppose -5*h - 18 = -998. Calculate the remainder when h is divided by a.
36
Let s(d) = d**3 - 21*d**2 + 112*d + 7. Calculate the remainder when 415 is divided by s(8).
60
Suppose 0 = -61*q + 106428 + 87125. Calculate the remainder when q is divided by 43.
34
Suppose -2*z 